*2 + 45147*q + 1300. Give m(34).
-26
Let r(b) = -9510*b + 142639. What is r(15)?
-11
Let d(l) = 47564*l + 523243. What is d(-11)?
39
Let r(c) = -80*c + 502. Calculate r(-11).
1382
Let v(y) = -y**3 - 97*y**2 - 568*y - 45317. Determine v(-96).
-5
Let x(g) = 2342*g + 121807. Give x(-52).
23
Let l(k) = -3740*k + 33689. Give l(9).
29
Let v(f) = 42*f**2 - 513*f - 2555. Determine v(16).
-11
Let b(y) = y**3 + 21*y**2 + 581*y + 7314. Give b(-15).
-51
Let a(r) = -3*r**3 - 252*r**2 + 261*r + 21827. Determine a(-84).
-97
Let u(o) = -23*o**2 - 47*o - 58. What is u(-8)?
-1154
Let z(p) = 10*p**3 + 8*p**2 - 23*p - 165. Give z(-4).
-585
Let q(m) = 489*m - 40153. Determine q(82).
-55
Let v(g) = -24041*g + 13871658. Give v(577).
1
Let l(k) = 1007*k + 102712. Determine l(-102).
-2
Let o(f) = 595*f - 53468. Calculate o(90).
82
Let c(t) = t**3 + 28*t**2 - 303*t + 120. Give c(8).
0
Let j(y) = -5*y**3 + 6*y**2 - 11*y + 50. What is j(5)?
-480
Let y(k) = 2*k**2 + 2209*k + 248015. Give y(-127).
-270
Let n(w) = -58846*w - 765006. What is n(-13)?
-8
Let m(x) = 5931*x + 83032. Give m(-14).
-2
Let t(z) = -2*z**3 + 28*z**2 + 557*z - 7880. Determine t(15).
25
Let p(w) = 3*w**3 - 5*w**2 - 37*w - 108. What is p(-7)?
-1123
Let f(r) = 16*r**3 - 6*r**2 + 4391*r - 8774. Give f(2).
112
Let p(z) = 21*z**3 + 120*z**2 + 671*z - 25. Give p(-6).
-4267
Let g(i) = 2135*i + 1133863. Give g(-531).
178
Let x(p) = 1814*p - 11956. Determine x(5).
-2886
Let o(g) = g**3 + 77*g**2 + 63*g + 46430. What is o(-83)?
-133
Let q(b) = -2*b**3 - 153*b**2 + 1270*b + 69131. Calculate q(-79).
6
Let i(a) = -3755*a + 4213122. Give i(1122).
12
Let t(q) = -1557*q + 99448. Calculate t(64).
-200
Let l(r) = -r**3 - 30*r**2 - 136*r - 9. Calculate l(-6).
-57
Let a(s) = -8273*s + 33113. Determine a(4).
21
Let s(t) = t**3 + 123*t**2 + 3694*t - 1671. Give s(-54).
57
Let c(r) = 318*r**2 + 283*r - 32. Calculate c(-1).
3
Let m(p) = -p**3 - 52*p**2 - 282*p - 9. Give m(-46).
267
Let k(o) = o**2 + 3734*o - 59997. What is k(16)?
3
Let s(a) = 3*a**3 - 100*a**2 + 344*a + 23. What is s(4)?
-9
Let l(a) = -1616*a**2 - 6855*a - 1566. Determine l(-4).
-2
Let u(g) = -8*g**2 + 3817*g - 30018. What is u(8)?
6
Let b(z) = 31*z**3 - 1114*z**2 - 68*z - 5. Give b(36).
139
Let g(n) = -441*n - 5929. What is g(-16)?
1127
Let o(d) = 100*d**2 - 1255*d - 17. Give o(14).
2013
Let d(l) = 6164*l - 1017070. Determine d(165).
-10
Let s(o) = -918*o + 29865. Determine s(35).
-2265
Let m(x) = 2*x**3 + 662*x**2 - 653*x + 3562. Give m(-332).
-90
Let f(l) = -3*l**2 - 129*l - 1488. What is f(-26)?
-162
Let p(f) = 12*f**2 - 852*f + 14154. What is p(45)?
114
Let x(s) = -2*s**3 - 191*s**2 - 132*s - 3511. Calculate x(-95).
4
Let q(p) = 7730*p - 37840. Determine q(5).
810
Let x(l) = -l**2 - 58*l + 583. What is x(9)?
-20
Let j(k) = 2*k**2 - 70249*k - 843273. Determine j(-12).
3
Let l(g) = -g**3 + 13*g**2 + 320*g + 39. Calculate l(-12).
-201
Let u(h) = -h**2 - 137*h - 2012. Calculate u(-18).
130
Let v(x) = -2*x**3 + 583*x**2 - 235*x - 16404. What is v(291)?
-108
Let p(b) = 22*b**2 - 109*b + 433. What is p(6)?
571
Let m(j) = 677*j**2 - 18284*j - 134. Calculate m(27).
-269
Let d(f) = -f**3 + 37*f**2 + 473*f - 174. What is d(47)?
-33
Let r(c) = -2*c**3 + 89*c**2 + 14685*c - 637010. Give r(43).
-8
Let i(d) = 14469*d - 462982. Give i(32).
26
Let j(g) = -3*g**2 - 899*g + 10238. Calculate j(11).
-14
Let y(p) = -p**2 - 2125*p + 58105. Determine y(27).
1
Let n(o) = 104*o + 3638. Determine n(-53).
-1874
Let y(r) = 3*r**3 + 32*r**2 - 252*r + 21. Determine y(-16).
-43
Let d(x) = 119*x - 1308. Give d(0).
-1308
Let z(v) = -123096*v + 861799. What is z(7)?
127
Let o(u) = -17*u**2 - 764*u + 6256. Calculate o(7).
75
Let b(l) = -7640*l - 2788594. What is b(-365)?
6
Let z(w) = -9700*w + 29650. Determine z(3).
550
Let x(u) = -18560*u - 1150744. Calculate x(-62).
-24
Let f(p) = p**3 - 571*p**2 - 133*p + 75932. Calculate f(571).
-11
Let s(a) = 711*a**3 + 19*a**2 + 952*a + 932. Give s(-1).
-712
Let o(u) = -43*u**2 - 14470*u - 7403. Give o(-336).
-11
Let v(m) = 1910*m - 317009. Determine v(166).
51
Let h(i) = -i**3 + 19*i**2 + 2095*i - 37645. Calculate h(18).
389
Let d(v) = -7*v**2 + 1836*v - 67228. What is d(44)?
4
Let v(a) = -163*a**3 - 443*a**2 + 12*a - 8. Give v(-3).
370
Let b(z) = 3330616*z + 9991821. Calculate b(-3).
-27
Let a(m) = 63988*m - 4351164. What is a(68)?
20
Let n(d) = -27979*d - 1343001. Calculate n(-48).
-9
Let p(v) = 8453*v + 456412. What is p(-54)?
-50
Let t(v) = 3714*v + 787476. What is t(-212)?
108
Let q(x) = 5*x**2 - 509*x + 3327. Give q(7).
9
Let o(h) = 5*h**2 + 40202*h - 160753. Give o(4).
135
Let a(d) = 19*d**2 + 551*d + 5033. What is a(-9)?
1613
Let j(g) = -g**3 - 12*g**2 + 289*g + 98. What is j(-21)?
-2002
Let b(r) = 51*r**2 - 690*r + 10. Give b(0).
10
Let y(b) = -107*b + 2899. Give y(28).
-97
Let j(m) = 1086*m + 62939. Determine j(-58).
-49
Let g(o) = -o**3 + 70*o**2 - 161*o + 1386. What is g(68)?
-314
Let f(m) = 137985*m + 1241861. Determine f(-9).
-4
Let t(v) = 6*v**3 - 315*v**2 - 2502*v + 9. Calculate t(-7).
30
Let n(k) = -102*k**3 - 43962*k**2 - 20*k - 8637. Determine n(-431).
-17
Let u(i) = -3*i**2 + 3583*i + 87707. Determine u(-24).
-13
Let r(t) = -71*t**2 + 1618*t - 2. Determine r(-1).
-1691
Let x(c) = -2*c**3 + 22*c**2 - 129*c + 49. Give x(7).
-462
Let k(z) = -z**2 + 149*z + 5834. Determine k(181).
42
Let x(n) = -2*n**3 + 20*n**2 + 89*n - 20. Calculate x(13).
123
Let s(j) = -146299*j + 2340781. What is s(16)?
-3
Let t(y) = 28694*y - 61146917. Determine t(2131).
-3
Let j(r) = 4*r**3 - 626*r**2 + 915*r + 2418. Calculate j(155).
93
Let h(n) = 20592*n - 123579. Calculate h(6).
-27
Let a(f) = -1434*f + 1181. Determine a(1).
-253
Let l(n) = 263*n + 1696. Give l(-7).
-145
Let c(t) = -t**3 - 83*t**2 + 1563*t + 335. What is c(16)?
-1
Let b(k) = 39*k**3 + 3240*k**2 + 240*k + 248. What is b(-83)?
995
Let a(k) = -15*k**2 - 487*k - 261. What is a(-32)?
-37
Let y(o) = 1454*o - 433493. What is y(298)?
-201
Let r(t) = 516*t**2 + 4651*t + 54. What is r(-9)?
-9
Let d(l) = -3*l**3 + 165*l**2 - 1943*l + 179. What is d(38)?
-11
Let b(w) = 162*w - 1498. What is b(9)?
-40
Let p(b) = 7427*b - 3572368. Calculate p(481).
19
Let l(b) = -3*b**2 + 765*b - 28663. Calculate l(209).
179
Let f(k) = -5*k**3 - 51*k**2 - 235*k + 20. Give f(-5).
545
Let s(y) = -40*y**2 + 19796*y - 97985. Give s(5).
-5
Let g(l) = 124*l**2 + 31514*l + 4293. Determine g(-254).
-279
Let l(r) = 31*r**2 - 1106*r + 9134. Give l(13).
-5
Let i(y) = y**2 + 16874*y + 151784. Calculate i(-9).
-1
Let v(a) = a**2 - 84*a - 274956. Calculate v(-484).
-44
Let p(k) = k**2 + 33489*k + 368251. Calculate p(-11).
-7
Let l(c) = -2*c**3 - c**2 + 33*c + 1886. Determine l(0).
1886
Let a(g) = -155*g**2 - 363*g + 361. What is a(1)?
-157
Let n(q) = 2*q**3 + 40*q**2 + 1141*q + 4964. Determine n(-5).
9
Let g(x) = -181*x + 54. Determine g(-9).
1683
Let o(a) = -5*a**3 + 23*a**2 + 322*a + 626. Give o(-3).
2
Let k(j) = -14*j**3 - 1639*j**2 - 121*j - 458. What is k(-117)?
10
Let l(z) = z**2 + 27*z - 1321. Calculate l(-52).
-21
Let a(k) = -2*k**2 + 336*k - 3709. Determine a(12).
35
Let f(p) = -134*p**2 + 28055*p + 17845. Calculate f(210).
-5
Let t(g) = 42530*g - 126571. Determine t(3).
1019
Let z(j) = -2*j**2 + 174138*j + 696589. Determine z(-4).
5
Let o(u) = -30*u**2 + 41*u + 233. Give o(-4).
-411
Let u(y) = 3*y**3 - 3885*y**2 - 7780*y - 2605. Calculate u(1297).
-11
Let j(g) = -228*g**3 + 2*g**2 + 15*g - 26. Give j(2).
-1812
Let x(b) = 716*b - 14264. Calculate x(19).
-660
Let c(v) = -6293*v + 711108. Determine c(113).
-1
Let r(l) = -l**2 + 1248*l + 534093. Calculate r(-337).
-52
Let g(o) = 2*o**2 + 12905*o - 232950. Give g(18).
-12
Let q(u) = -20*u**2 - 317*u - 9. What is q(-14)?
509
Let r(b) = -324*b**2 + 335*b + 6. Determine r(1).
17
Let i(b) = 3371*b**2 - 43796*b - 354. Calculate i(13).
-3
Let x(m) = m**3 + 42*m**2 + 49*m + 6041. Determine x(-44).
13
Let b(j) = -j**2 + 655*j - 15994. What is b(25)?
-244
Let o(c) = -c**3 - 4856*c**2 - 19416*c - 28. Calculate o(-4).
4
Let f(l) = -223511*l + 4470211. Give f(20).
-9
Let c(a) = -159903*a + 799453. Give c(5).
-62
Let p(i) = 7*i**3 - 82*i**2 + 175*i - 130. What is p(10)?
420
Let d(l) = -6*l**3 - 66*l**2 - 39*l + 33. Determine d(-7).
-870
Let b(s) = -110*s**2 - 9569*s - 27678. Calculate b(-3